and 11235.
321
Calculate the highest common divisor of 6 and 9.
3
What is the greatest common factor of 725 and 25?
25
Calculate the highest common factor of 3 and 24.
3
Calculate the highest common factor of 16 and 848.
16
Calculate the greatest common divisor of 144 and 3552.
48
Calculate the highest common divisor of 836 and 77.
11
What is the greatest common divisor of 432 and 5778?
54
Calculate the highest common factor of 176 and 539.
11
What is the highest common divisor of 1473 and 3?
3
What is the highest common divisor of 10793 and 2259?
251
Calculate the greatest common divisor of 3795 and 264.
33
Calculate the highest common factor of 8552 and 8.
8
Calculate the greatest common divisor of 60 and 330.
30
Calculate the greatest common divisor of 120 and 280.
40
Calculate the highest common divisor of 11 and 3377.
11
What is the highest common factor of 10683 and 27?
9
What is the greatest common factor of 1344 and 12?
12
What is the greatest common factor of 7 and 35?
7
What is the highest common factor of 732 and 36?
12
What is the greatest common divisor of 3525 and 600?
75
What is the greatest common factor of 26 and 780?
26
What is the highest common divisor of 31 and 527?
31
What is the highest common divisor of 89631 and 207?
207
Calculate the greatest common divisor of 999 and 148.
37
What is the greatest common divisor of 7 and 10423?
7
What is the highest common divisor of 178 and 7921?
89
What is the greatest common divisor of 410 and 14678?
82
What is the highest common factor of 20 and 2965?
5
What is the highest common divisor of 1463 and 77?
77
Calculate the greatest common divisor of 12824 and 56.
56
What is the greatest common factor of 6 and 633?
3
Calculate the greatest common factor of 25 and 400.
25
What is the greatest common divisor of 1786 and 282?
94
Calculate the greatest common divisor of 129 and 430.
43
What is the greatest common factor of 28 and 196?
28
What is the highest common divisor of 1131 and 87?
87
Calculate the greatest common divisor of 187 and 297.
11
Calculate the greatest common divisor of 648 and 513.
27
Calculate the greatest common divisor of 350 and 10.
10
What is the highest common factor of 90 and 4?
2
Calculate the greatest common divisor of 17 and 408.
17
Calculate the highest common factor of 176 and 32.
16
Calculate the greatest common factor of 1101 and 3.
3
What is the greatest common factor of 1359 and 8456?
151
Calculate the greatest common divisor of 8 and 72.
8
What is the greatest common divisor of 2910 and 12?
6
Calculate the highest common divisor of 44 and 297.
11
Calculate the greatest common divisor of 60 and 285.
15
Calculate the highest common factor of 742 and 424.
106
Calculate the highest common divisor of 837 and 31.
31
Calculate the greatest common factor of 18 and 9.
9
What is the highest common divisor of 434 and 310?
62
Calculate the greatest common factor of 1701 and 336.
21
What is the highest common divisor of 306 and 782?
34
What is the highest common factor of 2 and 106?
2
Calculate the greatest common factor of 368 and 16.
16
Calculate the greatest common divisor of 1056 and 33.
33
Calculate the greatest common factor of 78 and 7644.
78
Calculate the highest common factor of 82 and 1107.
41
Calculate the highest common factor of 252 and 392.
28
Calculate the greatest common divisor of 42 and 2058.
42
Calculate the highest common factor of 324 and 12.
12
What is the highest common divisor of 1088 and 64?
64
Calculate the highest common divisor of 324 and 57996.
324
What is the highest common divisor of 468 and 52?
52
Calculate the highest common factor of 1577 and 342.
19
What is the greatest common divisor of 26 and 494?
26
What is the greatest common divisor of 22 and 12254?
22
Calculate the greatest common factor of 9584 and 32.
16
Calculate the greatest common factor of 17 and 1309.
17
What is the highest common divisor of 31 and 12679?
31
What is the greatest common factor of 137 and 1096?
137
Calculate the greatest common factor of 84 and 105.
21
What is the highest common factor of 256 and 96?
32
Calculate the highest common divisor of 52 and 78.
26
Calculate the highest common divisor of 3320 and 80.
40
Calculate the highest common divisor of 450 and 21.
3
Calculate the greatest common divisor of 612 and 3213.
153
What is the highest common factor of 32 and 608?
32
What is the greatest common divisor of 1643 and 403?
31
What is the greatest common factor of 80 and 88?
8
What is the highest common factor of 154 and 5324?
22
What is the highest common divisor of 24128 and 8?
8
Calculate the greatest common divisor of 35 and 125.
5
What is the highest common factor of 324 and 6?
6
What is the greatest common divisor of 4460 and 20?
20
What is the highest common factor of 121 and 330?
11
Calculate the highest common factor of 82 and 1394.
82
What is the greatest common factor of 16 and 16?
16
What is the highest common factor of 4179 and 84?
21
What is the greatest common factor of 25 and 1675?
25
What is the greatest common divisor of 30 and 310?
10
Calculate the greatest common divisor of 22 and 451.
11
Calculate the highest common factor of 11 and 2519.
11
Calculate the greatest common divisor of 928 and 16.
16
What is the highest common factor of 18688 and 16?
16
Calculate the greatest common factor of 1584 and 3.
3
What is the highest common divisor of 96 and 19248?
48
Calculate the greatest common factor of 208 and 16.
16
What is the highest common divisor of 14960 and 160?
80
Calculate the greatest common divisor of 605 and 1089.
121
What is the greatest common divisor of 143 and 253?
11
Calculate the greatest common factor of 32976 and 144.
144
Calculate the greatest common factor of 871 and 39.
13
Calculate the greatest common factor of 20 and 90.
10
What is the highest common divisor of 153 and 9?
9
Calculate the greatest common divisor of 58 and 52838.
58
Calculate the highest common factor of 12006 and 116.
58
What is the highest common divisor of 507 and 104?
13
Calculate the highest common factor of 46 and 184.
46
What is the highest common factor of 352 and 11?
11
What is the greatest common factor of 70 and 1030?
10
What is the highest common divisor of 520 and 1690?
130
What is the greatest common factor of 62 and 6107?
31
What is the highest common factor of 1449 and 252?
63
What is the highest common divisor of 60 and 750?
30
What is the greatest common factor of 705 and 6?
3
Calculate the greatest common factor of 14 and 11879.
7
What is the highest common divisor of 63 and 756?
63
Calculate the greatest common factor of 4319 and 14.
7
What is the greatest common divisor of 50 and 390?
10
Calculate the greatest common divisor of 31 and 2511.
31
What is the greatest common factor of 55 and 77?
11
What is the greatest common factor of 543 and 6?
3
Calculate the greatest common divisor of 720 and 1584.
144
Calculate the greatest common divisor of 42 and 105.
21
What is the greatest common divisor of 172 and 16039?
43
What is the greatest common factor of 108 and 20?
4
Calculate the highest common factor of 140 and 28.
28
Calculate the highest common factor of 156 and 8268.
156
Calculate the greatest common factor of 191 and 1.
1
What is the highest common divisor of 520 and 56?
8
Calculate the highest common factor of 77 and 165.
11
What is the highest common factor of 707 and 303?
101
What is the greatest common divisor of 190 and 1254?
38
What is the highest common factor of 23 and 2875?
23
Calculate the highest common factor of 72 and 8136.
72
Calculate the greatest common factor of 140 and 4690.
70
Calculate the greatest common factor of 26 and 39.
13
What is the greatest common factor of 18 and 150?
6
Calculate the greatest common divisor of 1551 and 15.
3
What is the highest common divisor of 82 and 22?
2
Calculate the greatest common factor of 158 and 28598.
158
What is the greatest common factor of 110 and 176?
22
Calculate the greatest common divisor of 3782 and 4.
2
What is the highest common factor of 12 and 96?
12
Calculate the highest common divisor of 78 and 52.
26
Calculate the greatest common divisor of 5 and 1355.
5
Calculate the highest common factor of 25 and 2075.
25
Calculate the greatest common factor of 122 